of 62038?
3
What is the ten thousands digit of 2499337?
9
What is the tens digit of 35309?
0
What is the ten thousands digit of 15931?
1
What is the thousands digit of 14043?
4
What is the ten thousands digit of 3078309?
7
What is the units digit of 343538?
8
What is the hundreds digit of 9869308?
3
What is the tens digit of 111908?
0
What is the hundred thousands digit of 30392861?
3
What is the units digit of 1602922?
2
What is the tens digit of 74164?
6
What is the hundred thousands digit of 583498?
5
What is the units digit of 577672?
2
What is the millions digit of 3244645?
3
What is the ten thousands digit of 5377104?
7
What is the tens digit of 1775730?
3
What is the ten thousands digit of 409960?
0
What is the tens digit of 8247206?
0
What is the ten thousands digit of 305419?
0
What is the tens digit of 395059?
5
What is the units digit of 278185?
5
What is the tens digit of 885596?
9
What is the hundred thousands digit of 952328?
9
What is the hundred thousands digit of 408194?
4
What is the millions digit of 1576174?
1
What is the tens digit of 114218?
1
What is the units digit of 228479?
9
What is the ten thousands digit of 802179?
0
What is the hundreds digit of 2801642?
6
What is the thousands digit of 2094574?
4
What is the units digit of 519450?
0
What is the ten thousands digit of 795874?
9
What is the ten thousands digit of 468356?
6
What is the ten thousands digit of 153075?
5
What is the hundreds digit of 618138?
1
What is the hundreds digit of 615669?
6
What is the tens digit of 10013746?
4
What is the hundred thousands digit of 339410?
3
What is the units digit of 14538945?
5
What is the millions digit of 2237192?
2
What is the tens digit of 225852?
5
What is the units digit of 1925499?
9
What is the thousands digit of 8009971?
9
What is the ten thousands digit of 55879?
5
What is the tens digit of 18620168?
6
What is the hundred thousands digit of 16027635?
0
What is the units digit of 170614?
4
What is the units digit of 7814836?
6
What is the thousands digit of 313747?
3
What is the hundred thousands digit of 4787470?
7
What is the hundreds digit of 4222782?
7
What is the hundred thousands digit of 9047439?
0
What is the units digit of 683764?
4
What is the ten thousands digit of 207557?
0
What is the hundreds digit of 466887?
8
What is the tens digit of 6903706?
0
What is the ten thousands digit of 2140895?
4
What is the ten thousands digit of 508994?
0
What is the units digit of 65960?
0
What is the millions digit of 24566764?
4
What is the hundred thousands digit of 2669193?
6
What is the units digit of 3876777?
7
What is the thousands digit of 344942?
4
What is the millions digit of 12951152?
2
What is the tens digit of 1112404?
0
What is the hundreds digit of 2825149?
1
What is the thousands digit of 957803?
7
What is the ten thousands digit of 587272?
8
What is the hundred thousands digit of 442286?
4
What is the millions digit of 6660672?
6
What is the thousands digit of 497369?
7
What is the hundred thousands digit of 11684441?
6
What is the hundreds digit of 230379?
3
What is the hundreds digit of 1213589?
5
What is the hundred thousands digit of 717146?
7
What is the hundred thousands digit of 7788049?
7
What is the hundreds digit of 12110132?
1
What is the hundred thousands digit of 119003?
1
What is the hundred thousands digit of 7981624?
9
What is the tens digit of 1609869?
6
What is the hundreds digit of 640491?
4
What is the ten thousands digit of 14632004?
3
What is the hundred thousands digit of 339182?
3
What is the thousands digit of 3823539?
3
What is the thousands digit of 42272?
2
What is the hundreds digit of 365844?
8
What is the millions digit of 7506517?
7
What is the hundreds digit of 72486?
4
What is the tens digit of 61935?
3
What is the thousands digit of 820402?
0
What is the ten thousands digit of 782996?
8
What is the hundreds digit of 502393?
3
What is the thousands digit of 2451055?
1
What is the thousands digit of 51586?
1
What is the hundred thousands digit of 606579?
6
What is the millions digit of 15221800?
5
What is the units digit of 174448?
8
What is the units digit of 14677671?
1
What is the hundreds digit of 390071?
0
What is the thousands digit of 639180?
9
What is the units digit of 232592?
2
What is the ten thousands digit of 452795?
5
What is the tens digit of 2251721?
2
What is the thousands digit of 196679?
6
What is the hundred thousands digit of 9140447?
1
What is the tens digit of 4316508?
0
What is the hundreds digit of 359077?
0
What is the hundreds digit of 6254640?
6
What is the hundreds digit of 109357?
3
What is the ten thousands digit of 9862066?
6
What is the units digit of 704518?
8
What is the tens digit of 71234?
3
What is the thousands digit of 1288995?
8
What is the hundreds digit of 110435?
4
What is the units digit of 16672995?
5
What is the ten thousands digit of 2419240?
1
What is the thousands digit of 854413?
4
What is the ten thousands digit of 4963195?
6
What is the tens digit of 848379?
7
What is the ten thousands digit of 860974?
6
What is the hundred thousands digit of 4874238?
8
What is the units digit of 380489?
9
What is the hundred thousands digit of 917407?
9
What is the units digit of 139260?
0
What is the hundred thousands digit of 180785?
1
What is the hundred thousands digit of 241820?
2
What is the ten thousands digit of 4482764?
8
What is the hundreds digit of 9770970?
9
What is the ten thousands digit of 829399?
2
What is the hundred thousands digit of 132797?
1
What is the ten thousands digit of 1865235?
6
What is the units digit of 955400?
0
What is the millions digit of 6806131?
6
What is the thousands digit of 150518?
0
What is the thousands digit of 256300?
6
What is the thousands digit of 101750?
1
What is the thousands digit of 946636?
6
What is the hundred thousands digit of 7135191?
1
What is the millions digit of 1186965?
1
What is the ten thousands digit of 906222?
0
What is the tens digit of 88676?
7
What is the hundred thousands digit of 339050?
3
What is the millions digit of 1828446?
1
What is the ten thousands digit of 2960774?
6
What is the hundred thousands digit of 23703761?
7
What is the units digit of 298493?
3
What is the ten thousands digit of 1271017?
7
What is the hundreds digit of 7643048?
0
What is the millions digit of 3863208?
3
What is the ten thousands digit of 144768?
4
What is the millions digit of 2667900?
2
What is the tens digit of 188428?
2
What is the hundreds digit of 366512?
5
What is the millions digit of 1419014?
1
What is the ten thousands digit of 572089?
7
What is the hundred thousands digit of 3601898?
6
What is the units digit of 10807634?
4
What is the units digit of 1527436?
6
What is the ten thousands digit of 193415?
9
What is the hundred thousands digit of 3000927?
0
What is the tens digit of 1765534?
3
What is the thousands digit of 2926771?
6
What is the tens digit of 121347?
4
What is the thousands digit of 2992?
2
What is the hundreds digit of 10896601?
6
What is the tens digit of 4038264?
6
What is the hundred thousands digit of 227273?
2
What is the tens digit of 3559639?
3
What is the ten thousands digit of 6294085?
9
What is the tens digit of 216562?
6
What is the thousands digit of 2474658?
4
What is the units digit of 10674?
4
What is the tens digit of 439702?
0
What is the hundreds digit of 46455?
4
What is the tens digit of 570963?
6
What is the units digit of 8267355?
5
What is the ten thousands digit of 1066717?
6
What is the tens digit of 2151310?
1
What is the thousands digit of 12443?
2
What is the hundred thousands digit of 1732392?
7
What is the ten thousands digit of 381242?
8
What is the ten thousands digit of 479867?
7
What is the tens digit of 157111?
1
What is the millions digit of 9309306?
9
What is the hundreds digit of 5682231?
2
What is the tens digit of 837749?
4
What is the ten millions digit of 11177568?
1
What is the hundreds digit of 71359?
3
What is the tens digit of 247210?
1
What is the ten thousands digit of 225171?
2
What is the tens digit of 928333?
3
What is the thousands digit of 2984648?
4
What is the hundreds digit of 507756?
7
What is the units digit of 276181?
1
What is the ten thousands digit of 3287161?
8
What is the millions dig